{"id":128,"date":"2021-01-12T13:46:33","date_gmt":"2021-01-12T13:46:33","guid":{"rendered":"https:\/\/mostschank-kelz.at\/?page_id=128"},"modified":"2023-03-05T12:04:31","modified_gmt":"2023-03-05T12:04:31","slug":"impressum","status":"publish","type":"page","link":"https:\/\/mostschank-kelz.at\/index.php\/impressum\/","title":{"rendered":"Impressum"},"content":{"rendered":"<p>[et_pb_section fb_built=&#8220;1&#8243; _builder_version=&#8220;4.7.7&#8243; _module_preset=&#8220;default&#8220;][et_pb_row _builder_version=&#8220;4.7.7&#8243; _module_preset=&#8220;default&#8220;][et_pb_column type=&#8220;4_4&#8243; _builder_version=&#8220;4.7.7&#8243; _module_preset=&#8220;default&#8220;][et_pb_text _builder_version=&#8220;4.7.7&#8243; _module_preset=&#8220;default&#8220;]<\/p>\n<h2 class=\"kelz-postheader\">Impressum<\/h2>\n<div class=\"kelz-postcontent\">\n<div class=\"kelz-article\">\n<p>Mostschank Kelz<\/p>\n<p>Harl 25<\/p>\n<p>8182 Puch bei Weiz<\/p>\n<p>Tel. u. Fax +43 03177 3117<\/p>\n<p>Email: <span style=\"text-decoration: underline;\"> <\/span><a href=\"mailto:mostschank.kelz@aon.at\">mostschank.kelz@gmx.at<\/a><\/p>\n<p>Anreise: <a href=\"http:\/\/localhost\/kelz\/index.php\/kontakt1\/anreise\" target=\"_blank\" rel=\"noopener\">Routenplaner<\/a><\/p>\n<p>&nbsp;<\/p>\n<p>Haftungsausschluss:<\/p>\n<p>F\u00fcr fremde Inhalte, die \u00fcber Links erreichbar sind, ist der Betreiber nicht verantwortlich. Das fremde Angebot wurden bei der erstmaligen Verlinkung auf rechtswidrige Inhalte \u00fcberpr\u00fcft. Auf Ver\u00e4nderungen fremder Inhalte hat der Betreiber der Seite\u00a0 keinen Einfluss und er ist deshalb auch nicht daf\u00fcr verantwortlich. Erst wenn der Betreiber der Seite feststellt, oder darauf hingewiesen wird, dass ein Angebot rechtswidrigen Inhalt aufweist, wird dieser Link aufgehoben, soweit dies technisch m\u00f6glich und zumutbar ist.<\/p>\n<\/div>\n<\/div>\n<p>[\/et_pb_text][\/et_pb_column][\/et_pb_row][\/et_pb_section]<\/p>\n","protected":false},"excerpt":{"rendered":"<p>[et_pb_section fb_built=&#8220;1&#8243; _builder_version=&#8220;4.7.7&#8243; _module_preset=&#8220;default&#8220;][et_pb_row _builder_version=&#8220;4.7.7&#8243; _module_preset=&#8220;default&#8220;][et_pb_column type=&#8220;4_4&#8243; _builder_version=&#8220;4.7.7&#8243; _module_preset=&#8220;default&#8220;][et_pb_text _builder_version=&#8220;4.7.7&#8243; _module_preset=&#8220;default&#8220;] Impressum Mostschank Kelz Harl 25 8182 Puch bei Weiz Tel. u. Fax +43 03177 3117 Email: mostschank.kelz@gmx.at Anreise: Routenplaner &nbsp; Haftungsausschluss: F\u00fcr fremde Inhalte, die \u00fcber Links erreichbar sind, ist der Betreiber nicht verantwortlich. Das fremde Angebot wurden bei der erstmaligen Verlinkung auf rechtswidrige [&hellip;]<\/p>\n","protected":false},"author":1,"featured_media":0,"parent":0,"menu_order":0,"comment_status":"closed","ping_status":"closed","template":"","meta":{"_et_pb_use_builder":"on","_et_pb_old_content":"","_et_gb_content_width":""},"_links":{"self":[{"href":"https:\/\/mostschank-kelz.at\/index.php\/wp-json\/wp\/v2\/pages\/128"}],"collection":[{"href":"https:\/\/mostschank-kelz.at\/index.php\/wp-json\/wp\/v2\/pages"}],"about":[{"href":"https:\/\/mostschank-kelz.at\/index.php\/wp-json\/wp\/v2\/types\/page"}],"author":[{"embeddable":true,"href":"https:\/\/mostschank-kelz.at\/index.php\/wp-json\/wp\/v2\/users\/1"}],"replies":[{"embeddable":true,"href":"https:\/\/mostschank-kelz.at\/index.php\/wp-json\/wp\/v2\/comments?post=128"}],"version-history":[{"count":6,"href":"https:\/\/mostschank-kelz.at\/index.php\/wp-json\/wp\/v2\/pages\/128\/revisions"}],"predecessor-version":[{"id":756,"href":"https:\/\/mostschank-kelz.at\/index.php\/wp-json\/wp\/v2\/pages\/128\/revisions\/756"}],"wp:attachment":[{"href":"https:\/\/mostschank-kelz.at\/index.php\/wp-json\/wp\/v2\/media?parent=128"}],"curies":[{"name":"wp","href":"https:\/\/api.w.org\/{rel}","templated":true}]}}